103 = j - 3*j + 3*d, -d - i = -5*j. Calculate the highest common divisor of j and 48.
8
Suppose -444 = 45*m - 4757 + 803. Let k = -66 + 248. Calculate the greatest common divisor of k and m.
26
Suppose 2*m - 2473 = g, 10*m - 8*m - 5*g - 2485 = 0. What is the highest common divisor of 60 and m?
5
Let i(r) = 118*r - 1746. Let l be i(15). Calculate the greatest common factor of l and 3004.
4
Suppose -33*i + 827 = 160 - 818. Calculate the highest common factor of i and 1875.
15
Suppose 0 = 7*n - 8*n - 2. Let y be (-11)/n + (-45)/30. Suppose -3 = -k - 5*o + y, -k + 8 = 4*o. What is the highest common divisor of 108 and k?
12
Suppose 4*d - d + 20*d = 70725. Calculate the greatest common factor of d and 225.
75
Suppose 2*b - 892 = -856. Let c be -1 + 2/((-2)/(-103)). What is the greatest common divisor of b and c?
6
Suppose 0 = -3*q - 167 - 277. Let l = -89 - q. Suppose 0 = -k + l - 47. Calculate the highest common divisor of k and 6.
6
Suppose 5*s = -5*i + 175, -5*s + 28 = 4*i - 117. What is the greatest common divisor of 924 and i?
6
Let q be ((-18)/(-8))/((-15)/820). Let b = 42 - q. Calculate the greatest common factor of 30 and b.
15
Let z be 6/(-4)*(19 - -3). Let h = 87 - z. Let c(u) = 6*u**2 + u - 76. Let s be c(4). Calculate the greatest common divisor of h and s.
24
Let y(h) = 367*h**2 + 46*h + 1. Let s be y(-1). Calculate the highest common divisor of s and 1012.
46
Suppose -4*y + 4*d - 567 + 827 = 0, -d - 305 = -5*y. Calculate the greatest common factor of y and 7230.
30
Suppose 0 = -3*g - l + 4, -3*g + 3*l = -8 + 20. Suppose g*s = 13*s - 1300. Calculate the greatest common factor of s and 350.
50
Let g(u) = 8*u**2 + 23*u + 4. Let j be g(-4). Let f be (-1292)/(-9) + j/90. What is the greatest common factor of 16 and f?
16
Suppose 0 = -5*w - y - y + 138, -w - 5*y = -23. Let m = -8928 + 8942. What is the greatest common factor of w and m?
14
Let j be 6 + 3/(-2) + (-4)/(-8). Let h be ((-3)/j)/((-5)/25). Let v(i) = i**2 - i - 2. Let m be v(-4). What is the highest common divisor of m and h?
3
Let t be 4/(-5) + (-3290)/(-50). Let n(o) = 9*o - 14. Let v be n(2). Let z be t/10 + -1 + 6/v. What is the greatest common factor of z and 56?
7
Let q(g) = -14*g + 29. Let t be (-96)/(-120)*(-10)/4. Let w be q(t). What is the highest common divisor of 19 and w?
19
Let w = -8330 + 13551. Calculate the greatest common divisor of 23 and w.
23
Let a(g) be the third derivative of -23*g**4/24 - 10*g**3/3 - 2*g**2 - 14*g. Let k be a(-5). Calculate the greatest common factor of k and 10.
5
Suppose -28*y + 620 = -319 + 519. Calculate the greatest common factor of y and 13515.
15
Let w(n) = 3*n**2 - 10*n + 7. Let h be w(8). Let u = h - 64. Let f = -151 - -156. What is the highest common factor of f and u?
5
Suppose 4*n + 2*o = 410, -3*n + 1139*o + 308 = 1141*o. Calculate the greatest common divisor of n and 6.
6
Let h = 13418 + -13352. Calculate the highest common factor of 10758 and h.
66
Let t be (-62)/(-1)*(3 + 9*(-2)/12). What is the highest common factor of t and 54?
3
Suppose 0 = m - 2*t - 0*t + 5, -3*t = 12. Let n(r) = r + 117. Let x be n(m). Calculate the highest common factor of x and 26.
26
Let a(u) = 25*u**2 + 17*u - 156. Let q be a(7). What is the greatest common divisor of q and 108?
108
Let d = 194 - 89. Let c be ((1 - (-5)/4) + -3)*-20. What is the highest common divisor of d and c?
15
Suppose 3 = 3*d + 6, x = -2*d + 322. Let t(s) = -7*s - 40. Let g be t(-7). Calculate the highest common factor of g and x.
9
Let u = -239 - -905. Suppose -128*l + 4159 = -5313. Calculate the greatest common divisor of l and u.
74
Suppose 0 = 4*w + 5*y - 525, -w + 39 = -5*y - 61. Suppose -64*f + 65*f - 206*f + 67100 = 39*f. Calculate the greatest common factor of w and f.
25
Let i be (52 - 16/4)/(3/2). Suppose -39*t = -i*t - 651. What is the highest common factor of 124 and t?
31
Let j be 13*((-8)/13)/(-2). Suppose 72 = g + t, -j*g + 3*t = 6*t - 284. What is the greatest common divisor of 1156 and g?
68
Suppose 2*k - 2*l = 14, -3*l - 2*l + 10 = 4*k. Suppose 7 = -5*y + k*p + 87, -5*y + p = -64. Calculate the greatest common factor of y and 348.
12
Suppose 5*g = -2*r, 0 = 3*r - 2*g - 9 - 29. Let k(q) = -4*q + 46. Let x be k(6). Let d be r/10*(1 + x). Calculate the highest common divisor of 253 and d.
23
Let q = -1175 + 1203. Suppose -117 + 12 = -3*k. What is the greatest common divisor of q and k?
7
Suppose 0 = -5*p + 296 + 184. Let z = -27657 - -27660. Calculate the greatest common divisor of z and p.
3
Let p = 128 + 397. Suppose 3*z + 465 - p = 0. Calculate the greatest common factor of 50 and z.
10
Let u be 1758/15 - (-3)/(-15) - 7. Calculate the highest common factor of 946 and u.
22
Let o be 94*(10/5 - 1). Let w = o - 44. Let i(r) = -r**2 + 2*r + 20. Let v be i(0). What is the highest common divisor of w and v?
10
Suppose -28*n + 25*n + 198 = 0. Let q = -43 + n. Let k = 7 + 39. What is the greatest common factor of q and k?
23
Let c = 26102 + -14902. Calculate the highest common divisor of c and 350.
350
Let x = -11118 + 11338. What is the greatest common factor of 1012 and x?
44
Let f(x) = -65*x - 1762. Let l be f(-28). What is the highest common divisor of l and 7424?
58
Let u(q) = -2*q**2 + 25*q + 33. Suppose -5*g = o - g - 15, 2*g - 2 = 0. Let h be u(o). Calculate the greatest common factor of 12 and h.
6
Suppose a = 8*c - 3*c - 11, -4*a - 2*c = -22. Suppose 7*j + 4*o = 4*j + 454, -4*j + 600 = a*o. What is the greatest common divisor of j and 2?
2
Let f = 28 + -17. Let q be (-525)/(-9) + (-8)/6. Suppose -35 = 2*g - q. What is the greatest common factor of f and g?
11
Let m be ((-2)/5)/((-1)/55). Suppose -2*a + 14 = 8*i - 3*i, -3 = -3*i - 3*a. Let o be (-7 + -9)/4*(-55)/i. What is the greatest common divisor of o and m?
11
Suppose 165*x = 174*x - 1116. Let r be (-15)/(-9)*-3 - -222. What is the highest common factor of r and x?
31
Let v(g) = 15*g + 198. Let z be v(30). Calculate the highest common divisor of z and 16.
8
Suppose 2*p + q - 2 = 2, 0 = -p + q + 5. Suppose w + 5*i - 109 = i, -319 = -p*w - 4*i. Calculate the greatest common divisor of w and 45.
15
Let r be 7 - 459/63 - (22350/(-21) - -4). Calculate the greatest common divisor of 689 and r.
53
Let u be -1 + ((-25)/5 - -9). Let c be 16/6 + (-1)/u*-1. Suppose -l = 5*w - 0*l - 56, -w + 24 = -c*l. Calculate the highest common divisor of w and 6.
6
Let x(f) = 96*f + 2953. Let a be x(-23). Calculate the highest common divisor of a and 4023.
149
Suppose 80*r - 91*r + 3668 = 5*b, 4*b = -r + 376. Let f = 95 - 54. Calculate the greatest common factor of f and r.
41
Let b(x) = 4*x**2 + 88*x + 835. Let n be b(-11). Suppose 0 = -2*p + 59 + 19. Calculate the highest common factor of n and p.
39
Let c be 258/4*1446/(-12)*28/(-21). What is the greatest common factor of c and 482?
241
Let k be (-6)/(-9)*60 - (-4)/(-28)*0. Let n(f) = -f + 8. Let p be n(6). Suppose p*x = 7 + 9. What is the highest common factor of k and x?
8
Let y(x) = 6*x**2 + 237*x - 204. Let d be y(-57). What is the greatest common divisor of 369 and d?
123
Suppose 568 = -15*f + 12433. What is the greatest common divisor of f and 113?
113
Let m be 301/(-2)*(-2)/7. Let w = m - 18. Calculate the greatest common divisor of 575 and w.
25
Let j(s) = -463*s + 7. Let b(c) = -695*c + 13. Let o(y) = 5*b(y) - 8*j(y). Let x be o(1). What is the greatest common divisor of 34 and x?
34
Let l(q) = -14*q - 23. Let a be l(-10). Let h(y) = y**2 - y - 17. Let t be h(-5). Calculate the greatest common factor of a and t.
13
Suppose -26*q + 2535 - 299 = 0. Calculate the highest common divisor of q and 5504.
86
Suppose -3*l = -f - 393 + 154, 5*l + f - 409 = 0. What is the highest common divisor of l and 2160?
27
Let l be (-148)/(2 + (-4)/3). Let a = l + 317. Suppose -4*s = -3*v + 136 + a, 0 = -5*s. Calculate the highest common divisor of v and 7.
7
Let z(w) = 6*w - 1. Let b be z(1). Suppose 0*g - b*g + 255 = 0. Let k = -10089 + 10140. Calculate the highest common factor of g and k.
51
Suppose 17*q - 2764 - 449 = 0. Calculate the greatest common factor of q and 918.
27
Let x = -13628 + 13716. Calculate the highest common factor of x and 13288.
88
Suppose 9*n - 15 = 6*n. Suppose n*u - 79 - 16 = -5*l, -2*l = -4*u + 82. Suppose -u*p + 9*p = -231. What is the highest common f